e greatest common divisor of 148 and 6068.
148
Calculate the greatest common divisor of 264 and 384.
24
What is the highest common divisor of 24 and 84?
12
Calculate the highest common divisor of 361 and 1.
1
What is the highest common divisor of 7847 and 931?
133
What is the greatest common divisor of 160 and 100?
20
Calculate the highest common divisor of 16 and 5248.
16
Calculate the greatest common factor of 37 and 2183.
37
What is the highest common divisor of 525 and 300?
75
What is the highest common factor of 322 and 46?
46
What is the highest common divisor of 136 and 8?
8
What is the highest common factor of 928 and 29?
29
What is the greatest common factor of 99 and 231?
33
Calculate the highest common factor of 1895 and 15.
5
Calculate the highest common factor of 96 and 416.
32
Calculate the greatest common divisor of 280 and 175.
35
What is the greatest common factor of 858 and 780?
78
What is the greatest common divisor of 320 and 20?
20
Calculate the greatest common divisor of 336 and 21.
21
What is the highest common divisor of 416 and 1024?
32
What is the greatest common factor of 54153 and 99?
99
What is the greatest common divisor of 4347 and 276?
69
Calculate the greatest common factor of 28 and 8.
4
Calculate the greatest common factor of 39 and 143.
13
Calculate the greatest common factor of 42 and 518.
14
Calculate the highest common factor of 226 and 1017.
113
What is the greatest common divisor of 1344 and 12?
12
Calculate the highest common divisor of 1106 and 7.
7
What is the highest common divisor of 69 and 4876?
23
What is the greatest common divisor of 75 and 60?
15
What is the highest common factor of 8 and 3472?
8
Calculate the highest common factor of 8 and 578.
2
What is the greatest common factor of 624 and 2340?
156
What is the greatest common divisor of 1377 and 1431?
27
Calculate the highest common factor of 164 and 2788.
164
Calculate the highest common divisor of 147 and 539.
49
What is the highest common divisor of 30 and 4?
2
Calculate the highest common divisor of 15 and 3615.
15
What is the greatest common divisor of 204 and 288?
12
What is the highest common factor of 4745 and 65?
65
Calculate the highest common divisor of 318 and 114.
6
Calculate the highest common factor of 4812 and 12.
12
What is the highest common divisor of 224 and 64?
32
Calculate the greatest common divisor of 27 and 1053.
27
What is the highest common divisor of 56699 and 59?
59
What is the greatest common divisor of 329 and 47?
47
Calculate the highest common factor of 20 and 1144.
4
Calculate the highest common divisor of 5 and 655.
5
Calculate the greatest common factor of 57 and 19.
19
What is the highest common divisor of 690 and 150?
30
What is the highest common divisor of 1056 and 11?
11
What is the highest common divisor of 40 and 1100?
20
What is the highest common factor of 9 and 288?
9
What is the highest common factor of 736 and 1?
1
Calculate the highest common factor of 3979 and 519.
173
What is the greatest common divisor of 72 and 8?
8
Calculate the highest common divisor of 49 and 287.
7
What is the greatest common divisor of 91 and 14?
7
What is the highest common factor of 105 and 70?
35
Calculate the highest common divisor of 360 and 1035.
45
Calculate the highest common factor of 1152 and 128.
128
What is the greatest common factor of 861 and 369?
123
What is the highest common divisor of 57 and 475?
19
Calculate the highest common factor of 9807 and 63.
21
Calculate the greatest common divisor of 52041 and 209.
209
What is the highest common divisor of 2 and 6?
2
Calculate the greatest common divisor of 10944 and 1026.
342
Calculate the greatest common divisor of 45906 and 42.
42
Calculate the greatest common divisor of 248 and 5518.
62
Calculate the highest common factor of 28 and 12.
4
What is the highest common divisor of 1703 and 13?
13
Calculate the greatest common divisor of 150 and 60.
30
Calculate the greatest common factor of 10 and 68.
2
What is the highest common factor of 7625 and 125?
125
What is the highest common divisor of 1040 and 4720?
80
Calculate the highest common divisor of 626 and 18.
2
What is the greatest common factor of 74 and 46?
2
Calculate the highest common factor of 372 and 8804.
124
Calculate the greatest common factor of 47 and 517.
47
Calculate the highest common divisor of 105 and 399.
21
What is the highest common factor of 20 and 20?
20
What is the greatest common factor of 54 and 918?
54
What is the highest common factor of 28 and 7?
7
What is the highest common factor of 508 and 127?
127
What is the highest common factor of 704 and 132?
44
What is the highest common factor of 55 and 2365?
55
Calculate the highest common factor of 344 and 104.
8
Calculate the highest common factor of 1053 and 78.
39
Calculate the greatest common divisor of 85 and 595.
85
What is the highest common divisor of 1264 and 1422?
158
What is the highest common factor of 14703 and 174?
87
Calculate the greatest common factor of 630 and 36.
18
What is the greatest common divisor of 1302 and 48?
6
Calculate the greatest common factor of 39792 and 32.
16
Calculate the highest common factor of 131 and 14803.
131
Calculate the highest common divisor of 147 and 24.
3
What is the highest common factor of 492 and 30?
6
Calculate the greatest common divisor of 209 and 198.
11
Calculate the highest common factor of 6039 and 9.
9
What is the highest common divisor of 516 and 12?
12
What is the highest common divisor of 551 and 95?
19
Calculate the greatest common factor of 102 and 4182.
102
What is the highest common divisor of 25777 and 346?
173
What is the highest common divisor of 1164 and 19497?
291
Calculate the greatest common factor of 8452 and 8.
4
Calculate the greatest common factor of 20720 and 80.
80
Calculate the greatest common factor of 24 and 40.
8
Calculate the greatest common factor of 26 and 2119.
13
Calculate the highest common factor of 253 and 297.
11
What is the highest common divisor of 28 and 12?
4
What is the greatest common factor of 155 and 15?
5
What is the highest common factor of 88 and 56?
8
What is the greatest common divisor of 851 and 207?
23
What is the greatest common factor of 76 and 4142?
38
Calculate the greatest common factor of 176 and 682.
22
Calculate the highest common divisor of 37653 and 231.
231
What is the greatest common divisor of 15808 and 64?
64
What is the highest common divisor of 276 and 816?
12
Calculate the highest common divisor of 2100 and 180.
60
Calculate the highest common divisor of 2 and 1.
1
Calculate the highest common divisor of 52 and 91.
13
What is the greatest common divisor of 42 and 91?
7
What is the highest common factor of 171 and 2337?
57
Calculate the greatest common divisor of 15 and 640.
5
What is the highest common factor of 140 and 180?
20
Calculate the highest common factor of 2 and 8.
2
What is the greatest common divisor of 15266 and 102?
34
What is the highest common factor of 26325 and 65?
65
Calculate the highest common factor of 10 and 125.
5
Calculate the highest common divisor of 15 and 9945.
15
What is the highest common divisor of 3360 and 5?
5
What is the greatest common divisor of 530 and 130?
10
Calculate the greatest common divisor of 1144 and 26.
26
What is the greatest common divisor of 144 and 7232?
16
What is the greatest common divisor of 840 and 42?
42
What is the greatest common divisor of 805 and 2?
1
What is the greatest common factor of 85 and 527?
17
Calculate the greatest common divisor of 216 and 26.
2
What is the highest common factor of 236 and 28?
4
What is the greatest common divisor of 7654 and 86?
86
Calculate the greatest common factor of 42 and 266.
14
Calculate the highest common factor of 38 and 171.
19
Calculate the highest common factor of 286 and 104.
26
What is the highest common divisor of 26 and 13?
13
Calculate the highest common factor of 12 and 68.
4
Calculate the highest common factor of 54 and 3996.
54
What is the greatest common divisor of 28028 and 132?
44
What is the greatest common factor of 391 and 17?
17
What is the greatest common factor of 1504 and 141?
47
What is the highest common divisor of 3 and 36?
3
What is the highest common factor of 1496 and 220?
44